{"id":24,"date":"2016-08-16T23:19:32","date_gmt":"2016-08-16T23:19:32","guid":{"rendered":"http:\/\/www.iscm.com.ar\/web\/?page_id=24"},"modified":"2016-08-16T23:38:18","modified_gmt":"2016-08-16T23:38:18","slug":"instalaciones","status":"publish","type":"page","link":"https:\/\/www.iscm.edu.ar\/web\/institucional\/instalaciones\/","title":{"rendered":"Instalaciones"},"content":{"rendered":"<h2>Instalaciones, comodidades y sectores\u00a0con las que cuenta el complejo educativo<\/h2>\n<h2><img loading=\"lazy\" decoding=\"async\" class=\"size-full wp-image-30 alignnone\" src=\"http:\/\/www.iscm.com.ar\/web\/wp-content\/uploads\/2016\/08\/frenteslide_mercedes_01.jpg\" alt=\"frenteslide_mercedes_01\" width=\"670\" height=\"463\" srcset=\"https:\/\/www.iscm.edu.ar\/web\/wp-content\/uploads\/2016\/08\/frenteslide_mercedes_01.jpg 670w, https:\/\/www.iscm.edu.ar\/web\/wp-content\/uploads\/2016\/08\/frenteslide_mercedes_01-300x207.jpg 300w\" sizes=\"(max-width: 670px) 100vw, 670px\" \/><\/h2>\n<p><strong>calefacci\u00f3n<strong> central\u00a0<\/strong><\/strong><strong>y <\/strong><strong><strong>calefa<\/strong>ctores<\/strong><br \/>\n<strong>ventiladores<\/strong><br \/>\nde techo y\/o pared<\/p>\n<p><strong>sector interno para motos y bicicletas<\/strong><br \/>\nen el frente del edificio<\/p>\n<p><strong>personal de vigilancia<br \/>\n<\/strong>en cabina de ingreso al predio y c\u00e1maras de seguridad<\/p>\n<p>servicio de emergencias m\u00e9dicas<br \/>\nSEMMER de Mercedes<\/p>\n<p><strong>sala de atenci\u00f3n m\u00e9dica y botiqu\u00edn de primeros auxilios<\/strong><br \/>\npara eventual atenci\u00f3n de alumnos y\/o personal por la emergencia m\u00e9dica, (en hall de entradas al edificio, este sector se inaugur\u00f3 durante el 2009, ya que anteriormente se atend\u00eda en alguna oficina)<\/p>\n<p><strong>Oratorio<\/strong><br \/>\nen planta baja del edificio, ala izquierda<\/p>\n<p><strong>sal\u00f3n auditorio<\/strong><br \/>\n(planta baja), perteneciente al Seminario Arquidiocesano, que funciona en los terrenos del complejo educativo en la parte trasera.<\/p>\n<p><strong>sal\u00f3n de actos<\/strong><br \/>\nsal\u00f3n de m\u00fasica en planta baja<\/p>\n<p><strong>patio cubierto<\/strong><br \/>\ndentro del edificio principal (planta baja, se utiliza como sal\u00f3n de actos mayor y para actividades de educaci\u00f3n fis\u00edca).<br \/>\nRenovaci\u00f3n total de su pintura a fines de 2009,<br \/>\n<strong><br \/>\nbuffet<\/strong><br \/>\n(planta baja) funciona de lunes a sabados<br \/>\n<strong>gimnasio<\/strong><br \/>\n(lateral izquierdo al edificio principal), con ba\u00f1os exclusivos del gimnasio: actividades varias, adem\u00e1s de basquet, voley y cestoball)<br \/>\n<strong><br \/>\nnatatorio climatizado<br \/>\n<\/strong>servicio externo contratado<br \/>\n<strong><br \/>\ncancha de basquet abierta<\/strong><br \/>\nlateral derecho al edificio principal.<br \/>\npiso totalmente renovado en 2008,<\/p>\n<p><strong>3 canchas de futbol<\/strong><br \/>\nlateral derecho de la cancha de basquet<\/p>\n<p><strong>parrilla<\/strong><br \/>\ncontigua a cancha de basquet abierta<\/p>\n<p><strong>ba\u00f1os de damas y caballeros<br \/>\n<\/strong>en planta baja (dentro del patio cubierto) y en primer piso al lado de biblioteca,<br \/>\n<strong><br \/>\nbiblioteca y mapoteca<\/strong><br \/>\n(planta alta, frente del edificio, ala derecha). Cuenta con miles de obras correspondientes a las diferentes carreras que se dictan y dictaron en la Instituci\u00f3n.<br \/>\nEn 2010 se coloc\u00f3 una placa al sector de Filosof\u00eda con el nombre del Profesor Luis Baldetti, egresado y docente de nuestro Instituto fallecido durante 2010.<br \/>\nA partir de 2012 tambi\u00e9n funcionar\u00e1n en este sector otro televisor y video<br \/>\n<strong><br \/>\nsala de video mayor <\/strong><br \/>\n2\u00ba piso, frente del edificio, ala izquierda,<\/p>\n<p><strong>sala de video chica<\/strong><br \/>\n1\u00ba piso, ala lateral izquierda, esta sala se arm\u00f3 en 2009,<\/p>\n<p><strong>Gabinetes de inform\u00e1tica<\/strong><br \/>\n(2\u00ba piso, sobre biblioteca), reinagurado en 2009, se adquirieron nuevos equipos de \u00faltima generaci\u00f3n,<\/p>\n<p><strong>sala de profesores<\/strong><br \/>\n(planta baja, frente a Prosecretar\u00eda),<br \/>\n<strong><br \/>\n<\/strong><strong>Elementos para camping:<\/strong><br \/>\nContamos con gran cantidad de enseres necesarios para las actividades de campamento que se desarrollan dentro del Profesorado de Educaci\u00f3n Fisica, las cuales fueron compradas en su primer etapa por el Instituto y a lo largo de los \u00faltimos a\u00f1os se vio incrementa-do por la compra de gran cantidad de art\u00edculos por parte de los alumnos de la Carrera.<\/p>\n<p><strong>creacion de oficinas contables:<br \/>\n<\/strong>en 2009 se crea esta oficina subdividida en una parte para atenci\u00f3n del alumnado (pago de cuotas y retiro de certificaciones) y en otro sector para la liquidaci\u00f3n de haberes del personal. Esta oficina esta a cargo de las Srtas. Cerisola y Guzm\u00e1n. Y esta ubicada en el Hall de entradas.<strong><br \/>\n<\/strong><strong><br \/>\n31 salones<br \/>\n<\/strong>distribu\u00eddos en dos plantas, (alas derechas e izquierdas, frentes y laterales),<\/p>\n<p><strong>gabinete de Fonoaudiolog\u00eda<\/strong>,<br \/>\n(planta baja, ala derecha), funciona 4 d\u00edas a la semana, a cargo de las profesionales Adriana Pescio y Maria del Carmen Ricomini. Esta sala fue reabierta en ese sector en 2009, ya que en 2008 funcion\u00f3 en una oficina mas peque\u00f1a.<br \/>\n<strong><br \/>\nInternet e impresiones,<\/strong><br \/>\ndisponible para los alumnos en los gabinetes de inform\u00e1tica fuera del horario utilizado para las clases especif\u00edcas de la carrera de Analistas de Sistemas. Consultar horarios con el encargado de los Gabinetes. Sr. Mart\u00edn Giacoy,<br \/>\n<strong><br \/>\nCa\u00f1\u00f3n<\/strong>,<br \/>\ndisponible para uso de los docentes en el dictado de clases. Se adquiri\u00f3 en 2009.<br \/>\n<strong><br \/>\nEquipos de audio y filmadora<\/strong>,<br \/>\npara actividades pedag\u00f3gicas de las diferentes carreras,<br \/>\n<strong><br \/>\nclaustro y patio interno<\/strong>,<br \/>\n(planta baja, sector central del edificio),<br \/>\n<strong><br \/>\n4 escaleras de acceso de planta baja a primer piso<\/strong>,<br \/>\ngarantizan una circulaci\u00f3n adecuada en todo momento y una evacuaci\u00f3n mas que segura y rapida en caso de siniestro,<br \/>\n<strong><br \/>\nmatafuegos<\/strong>,<br \/>\nse encuentran distribu\u00eddos en todos los sectores del edificio,<br \/>\n<strong><br \/>\nluces de emergencia y cintas antideslizantes<br \/>\n<\/strong>en las escaleras, garantizan seguridad,<\/p>\n<p><strong>frondosa arboleda<br \/>\n<\/strong>en frente y lateral derecho del edificio,<\/p>\n<p><strong>Oficinas<\/strong>:<\/p>\n<p><strong>Preceptor\u00eda de planta baja<\/strong><\/p>\n<p>(ala izquierda, planta baja, al lado del Oratorio). Telef\u00f3no disponible en esta oficina para uso de los alumnos y docentes 02324-421551<\/p>\n<p><strong>Preceptor\u00eda de planta alta<\/strong><\/p>\n<p>(ala izquierda, planta alta). Telef\u00f3no disponible en esta oficina para uso de los alumnos y docentes 02324-421121.<\/p>\n<p><strong>Secretar\u00eda<\/strong>,<\/p>\n<p>(planta alta, ala izquierda, detr\u00e1s de la Preceptor\u00eda)\u00a0telefono y fax 02324-421211 y 421121<br \/>\n<strong><br \/>\n<\/strong><\/p>\n<p><strong>Direcci\u00f3n y Regencia<\/strong>, (planta baja, ala derecha)<br \/>\n<strong><br \/>\n<\/strong><\/p>\n<p><strong>Prosecretar\u00eda<\/strong><\/p>\n<p>(panta baja, ala derecha) tel 02324-421121<\/p>\n<p><strong>Representantes Legales<\/strong>,<br \/>\n(primer piso, oficina central sobre el hall de entradas).<\/p>\n<p>Adem\u00e1s de las compras de elementos ya realizadas en 2009 (equipos de computaci\u00f3n y ca\u00f1\u00f3n) y la apertura de nuevos sectores (sala de cobro de cuotas y tesorer\u00eda, sala de video chica, sala de retroproyecci\u00f3n, dos gabinetes de inform\u00e1tica, sala de profesores del departamento de Matematica y gabinete de Fonoaudiolog\u00eda) esta proyectado para este a\u00f1o continuar con la compra de mas elementos para los distintos deportes que se practican dentro de la carrera de Educaci\u00f3n Fis\u00edca, compra de libros para biblioteca y compra de bancos para renovaci\u00f3n del mobiliario en algunos salones y la apertura de la sala de atenci\u00f3n m\u00e9dica.<\/p>\n<p>Se finaliz\u00f3 en 2008 y 2009 con el mantenimiento edilicio de diferentes sectores (parte de la terraza y tanques, balc\u00f3n del frente del\u00a0edificio, tanques de agua, ingreso al predio y desag\u00fces y veredas externas para la circulaci\u00f3n segura de peatones). En 2009 se prevee seguir con obras de mantenimiento y mejoras edilicias.<br \/>\nEn 2014 qued\u00f3 inaugurado el frente perimetral de ingreso al predio y el estacionamiento de uso exclusivo del personal de las Instituciones<\/p>\n<p>Tambi\u00e9n se hizo un mejorado en el terreno que se encuentra enfrente del predio en 15 y 114 para que los autos de los alumnos puedan ser estacionados en un lugar mas c\u00f3modo que la v\u00eda p\u00fablica.<\/p>\n<p><strong>En el predio funcionan:<\/strong><\/p>\n<p><strong>JARD\u00cdN PARROQUIAL PADRE ANSALDO,<\/strong> turno ma\u00f1ana. Edificio contiguo al gimnasio.<br \/>\n<strong>ESCUELA PARROQUIAL PADRE ANSALDO,<\/strong> turno ma\u00f1ana. Edificio principal.<br \/>\n<strong>INSTITUTO PADRE ANSALDO,<\/strong> turno ma\u00f1ana. Edificio principal.<br \/>\n<strong>I. S. F. D. y T. Ciudad de Mercedes<\/strong>, de lunes a viernes, turno tarde y vespertino y sabados ma\u00f1ana y tarde. Edificio principal.<br \/>\n<strong>Radio Santa Mar\u00eda.<\/strong> Edificio principal, 1\u00ba piso sector trasero<br \/>\n<strong>Auditorio del Seminario Arquidiocesano Santo Cura de Ars. <\/strong>Edificio principal, planta baja, sector trasero.<\/p>\n<p><strong>AULAS RENOVADOS:<\/strong><br \/>\nDurante 2010 se han renovado totalmente dos aulas y parcialmente otras dos, cambiandose las puertas, pisos, pintura y distribuci\u00f3n, logrando un mayor confort.<\/p>\n<p>En 2011, 2012, 2013 y 2014 se ha continuado con diferentes reformas y mantenimientos en las aulas para comodidad de todo el alumnado.<\/p>\n<p>En 2012 y 2013 se ha renovado parte del stock de mobiliario para las aulas.<\/p>\n<p><strong>En construcci\u00f3n durante 2011:<\/strong><br \/>\nSe esta trabajando en la construcci\u00f3n de un nuevo Gabinete de Fisico-quimica en un sector que estaba sin usarse.<\/p>\n<p><strong>EQUIPO DE AUDIO:<br \/>\n<\/strong>durante 2010 se ha comprado un sofisticado equipo de audio para facilitar el desarrollo de los diferentes eventos que todos los a\u00f1os se realizan en nuestro Instituto. En 2014 se han comprado mas equipos para el departamento de Ingl\u00e9s.<\/p>\n","protected":false},"excerpt":{"rendered":"<p>Instalaciones, comodidades y sectores\u00a0con las que cuenta el complejo educativo calefacci\u00f3n central\u00a0y calefactores ventiladores de techo y\/o pared sector interno para motos y bicicletas en el frente del edificio personal de vigilancia en cabina de ingreso al predio y c\u00e1maras de seguridad servicio de emergencias m\u00e9dicas SEMMER de Mercedes sala de atenci\u00f3n m\u00e9dica y botiqu\u00edn <a href=\"https:\/\/www.iscm.edu.ar\/web\/institucional\/instalaciones\/\" rel=\"nofollow\"><span class=\"sr-only\">Leer m\u00e1sInstalaciones<\/span>[&hellip;]<\/a><\/p>\n","protected":false},"author":1,"featured_media":0,"parent":11,"menu_order":3,"comment_status":"closed","ping_status":"closed","template":"","meta":{"footnotes":""},"class_list":["post-24","page","type-page","status-publish","hentry"],"_links":{"self":[{"href":"https:\/\/www.iscm.edu.ar\/web\/wp-json\/wp\/v2\/pages\/24"}],"collection":[{"href":"https:\/\/www.iscm.edu.ar\/web\/wp-json\/wp\/v2\/pages"}],"about":[{"href":"https:\/\/www.iscm.edu.ar\/web\/wp-json\/wp\/v2\/types\/page"}],"author":[{"embeddable":true,"href":"https:\/\/www.iscm.edu.ar\/web\/wp-json\/wp\/v2\/users\/1"}],"replies":[{"embeddable":true,"href":"https:\/\/www.iscm.edu.ar\/web\/wp-json\/wp\/v2\/comments?post=24"}],"version-history":[{"count":4,"href":"https:\/\/www.iscm.edu.ar\/web\/wp-json\/wp\/v2\/pages\/24\/revisions"}],"predecessor-version":[{"id":33,"href":"https:\/\/www.iscm.edu.ar\/web\/wp-json\/wp\/v2\/pages\/24\/revisions\/33"}],"up":[{"embeddable":true,"href":"https:\/\/www.iscm.edu.ar\/web\/wp-json\/wp\/v2\/pages\/11"}],"wp:attachment":[{"href":"https:\/\/www.iscm.edu.ar\/web\/wp-json\/wp\/v2\/media?parent=24"}],"curies":[{"name":"wp","href":"https:\/\/api.w.org\/{rel}","templated":true}]}}

<h2>Instalaciones, comodidades y sectores con las que cuenta el complejo educativo</h2>
<h2><img loading="lazy" decoding="async" class="size-full wp-image-30 alignnone" src="http://www.iscm.com.ar/web/wp-content/uploads/2016/08/frenteslide_mercedes_01.jpg" alt="frenteslide_mercedes_01" width="670" height="463" srcset="https://www.iscm.edu.ar/web/wp-content/uploads/2016/08/frenteslide_mercedes_01.jpg 670w, https://www.iscm.edu.ar/web/wp-content/uploads/2016/08/frenteslide_mercedes_01-300x207.jpg 300w" sizes="(max-width: 670px) 100vw, 670px" /></h2>
<p><strong>calefacción<strong> central </strong></strong><strong>y </strong><strong><strong>calefa</strong>ctores</strong><br />
<strong>ventiladores</strong><br />
de techo y/o pared</p>
<p><strong>sector interno para motos y bicicletas</strong><br />
en el frente del edificio</p>
<p><strong>personal de vigilancia<br />
</strong>en cabina de ingreso al predio y cámaras de seguridad</p>
<p>servicio de emergencias médicas<br />
SEMMER de Mercedes</p>
<p><strong>sala de atención médica y botiquín de primeros auxilios</strong><br />
para eventual atención de alumnos y/o personal por la emergencia médica, (en hall de entradas al edificio, este sector se inauguró durante el 2009, ya que anteriormente se atendía en alguna oficina)</p>
<p><strong>Oratorio</strong><br />
en planta baja del edificio, ala izquierda</p>
<p><strong>salón auditorio</strong><br />
(planta baja), perteneciente al Seminario Arquidiocesano, que funciona en los terrenos del complejo educativo en la parte trasera.</p>
<p><strong>salón de actos</strong><br />
salón de música en planta baja</p>
<p><strong>patio cubierto</strong><br />
dentro del edificio principal (planta baja, se utiliza como salón de actos mayor y para actividades de educación fisíca).<br />
Renovación total de su pintura a fines de 2009,<br />
<strong><br />
buffet</strong><br />
(planta baja) funciona de lunes a sabados<br />
<strong>gimnasio</strong><br />
(lateral izquierdo al edificio principal), con baños exclusivos del gimnasio: actividades varias, además de basquet, voley y cestoball)<br />
<strong><br />
natatorio climatizado<br />
</strong>servicio externo contratado<br />
<strong><br />
cancha de basquet abierta</strong><br />
lateral derecho al edificio principal.<br />
piso totalmente renovado en 2008,</p>
<p><strong>3 canchas de futbol</strong><br />
lateral derecho de la cancha de basquet</p>
<p><strong>parrilla</strong><br />
contigua a cancha de basquet abierta</p>
<p><strong>baños de damas y caballeros<br />
</strong>en planta baja (dentro del patio cubierto) y en primer piso al lado de biblioteca,<br />
<strong><br />
biblioteca y mapoteca</strong><br />
(planta alta, frente del edificio, ala derecha). Cuenta con miles de obras correspondientes a las diferentes carreras que se dictan y dictaron en la Institución.<br />
En 2010 se colocó una placa al sector de Filosofía con el nombre del Profesor Luis Baldetti, egresado y docente de nuestro Instituto fallecido durante 2010.<br />
A partir de 2012 también funcionarán en este sector otro televisor y video<br />
<strong><br />
sala de video mayor </strong><br />
2º piso, frente del edificio, ala izquierda,</p>
<p><strong>sala de video chica</strong><br />
1º piso, ala lateral izquierda, esta sala se armó en 2009,</p>
<p><strong>Gabinetes de informática</strong><br />
(2º piso, sobre biblioteca), reinagurado en 2009, se adquirieron nuevos equipos de última generación,</p>
<p><strong>sala de profesores</strong><br />
(planta baja, frente a Prosecretaría),<br />
<strong><br />
</strong><strong>Elementos para camping:</strong><br />
Contamos con gran cantidad de enseres necesarios para las actividades de campamento que se desarrollan dentro del Profesorado de Educación Fisica, las cuales fueron compradas en su primer etapa por el Instituto y a lo largo de los últimos años se vio incrementa-do por la compra de gran cantidad de artículos por parte de los alumnos de la Carrera.</p>
<p><strong>creacion de oficinas contables:<br />
</strong>en 2009 se crea esta oficina subdividida en una parte para atención del alumnado (pago de cuotas y retiro de certificaciones) y en otro sector para la liquidación de haberes del personal. Esta oficina esta a cargo de las Srtas. Cerisola y Guzmán. Y esta ubicada en el Hall de entradas.<strong><br />
</strong><strong><br />
31 salones<br />
</strong>distribuídos en dos plantas, (alas derechas e izquierdas, frentes y laterales),</p>
<p><strong>gabinete de Fonoaudiología</strong>,<br />
(planta baja, ala derecha), funciona 4 días a la semana, a cargo de las profesionales Adriana Pescio y Maria del Carmen Ricomini. Esta sala fue reabierta en ese sector en 2009, ya que en 2008 funcionó en una oficina mas pequeña.<br />
<strong><br />
Internet e impresiones,</strong><br />
disponible para los alumnos en los gabinetes de informática fuera del horario utilizado para las clases especifícas de la carrera de Analistas de Sistemas. Consultar horarios con el encargado de los Gabinetes. Sr. Martín Giacoy,<br />
<strong><br />
Cañón</strong>,<br />
disponible para uso de los docentes en el dictado de clases. Se adquirió en 2009.<br />
<strong><br />
Equipos de audio y filmadora</strong>,<br />
para actividades pedagógicas de las diferentes carreras,<br />
<strong><br />
claustro y patio interno</strong>,<br />
(planta baja, sector central del edificio),<br />
<strong><br />
4 escaleras de acceso de planta baja a primer piso</strong>,<br />
garantizan una circulación adecuada en todo momento y una evacuación mas que segura y rapida en caso de siniestro,<br />
<strong><br />
matafuegos</strong>,<br />
se encuentran distribuídos en todos los sectores del edificio,<br />
<strong><br />
luces de emergencia y cintas antideslizantes<br />
</strong>en las escaleras, garantizan seguridad,</p>
<p><strong>frondosa arboleda<br />
</strong>en frente y lateral derecho del edificio,</p>
<p><strong>Oficinas</strong>:</p>
<p><strong>Preceptoría de planta baja</strong></p>
<p>(ala izquierda, planta baja, al lado del Oratorio). Telefóno disponible en esta oficina para uso de los alumnos y docentes 02324-421551</p>
<p><strong>Preceptoría de planta alta</strong></p>
<p>(ala izquierda, planta alta). Telefóno disponible en esta oficina para uso de los alumnos y docentes 02324-421121.</p>
<p><strong>Secretaría</strong>,</p>
<p>(planta alta, ala izquierda, detrás de la Preceptoría) telefono y fax 02324-421211 y 421121<br />
<strong><br />
</strong></p>
<p><strong>Dirección y Regencia</strong>, (planta baja, ala derecha)<br />
<strong><br />
</strong></p>
<p><strong>Prosecretaría</strong></p>
<p>(panta baja, ala derecha) tel 02324-421121</p>
<p><strong>Representantes Legales</strong>,<br />
(primer piso, oficina central sobre el hall de entradas).</p>
<p>Además de las compras de elementos ya realizadas en 2009 (equipos de computación y cañón) y la apertura de nuevos sectores (sala de cobro de cuotas y tesorería, sala de video chica, sala de retroproyección, dos gabinetes de informática, sala de profesores del departamento de Matematica y gabinete de Fonoaudiología) esta proyectado para este año continuar con la compra de mas elementos para los distintos deportes que se practican dentro de la carrera de Educación Fisíca, compra de libros para biblioteca y compra de bancos para renovación del mobiliario en algunos salones y la apertura de la sala de atención médica.</p>
<p>Se finalizó en 2008 y 2009 con el mantenimiento edilicio de diferentes sectores (parte de la terraza y tanques, balcón del frente del edificio, tanques de agua, ingreso al predio y desagües y veredas externas para la circulación segura de peatones). En 2009 se prevee seguir con obras de mantenimiento y mejoras edilicias.<br />
En 2014 quedó inaugurado el frente perimetral de ingreso al predio y el estacionamiento de uso exclusivo del personal de las Instituciones</p>
<p>También se hizo un mejorado en el terreno que se encuentra enfrente del predio en 15 y 114 para que los autos de los alumnos puedan ser estacionados en un lugar mas cómodo que la vía pública.</p>
<p><strong>En el predio funcionan:</strong></p>
<p><strong>JARDÍN PARROQUIAL PADRE ANSALDO,</strong> turno mañana. Edificio contiguo al gimnasio.<br />
<strong>ESCUELA PARROQUIAL PADRE ANSALDO,</strong> turno mañana. Edificio principal.<br />
<strong>INSTITUTO PADRE ANSALDO,</strong> turno mañana. Edificio principal.<br />
<strong>I. S. F. D. y T. Ciudad de Mercedes</strong>, de lunes a viernes, turno tarde y vespertino y sabados mañana y tarde. Edificio principal.<br />
<strong>Radio Santa María.</strong> Edificio principal, 1º piso sector trasero<br />
<strong>Auditorio del Seminario Arquidiocesano Santo Cura de Ars. </strong>Edificio principal, planta baja, sector trasero.</p>
<p><strong>AULAS RENOVADOS:</strong><br />
Durante 2010 se han renovado totalmente dos aulas y parcialmente otras dos, cambiandose las puertas, pisos, pintura y distribución, logrando un mayor confort.</p>
<p>En 2011, 2012, 2013 y 2014 se ha continuado con diferentes reformas y mantenimientos en las aulas para comodidad de todo el alumnado.</p>
<p>En 2012 y 2013 se ha renovado parte del stock de mobiliario para las aulas.</p>
<p><strong>En construcción durante 2011:</strong><br />
Se esta trabajando en la construcción de un nuevo Gabinete de Fisico-quimica en un sector que estaba sin usarse.</p>
<p><strong>EQUIPO DE AUDIO:<br />
</strong>durante 2010 se ha comprado un sofisticado equipo de audio para facilitar el desarrollo de los diferentes eventos que todos los años se realizan en nuestro Instituto. En 2014 se han comprado mas equipos para el departamento de Inglés.</p>

<p>Instalaciones, comodidades y sectores con las que cuenta el complejo educativo calefacción central y calefactores ventiladores de techo y/o pared sector interno para motos y bicicletas en el frente del edificio personal de vigilancia en cabina de ingreso al predio y cámaras de seguridad servicio de emergencias médicas SEMMER de Mercedes sala de atención médica y botiquín <a href="https://www.iscm.edu.ar/web/institucional/instalaciones/" rel="nofollow"><span class="sr-only">Leer másInstalaciones</span>[&hellip;]</a></p>
