{"id":14,"date":"2016-08-16T17:58:57","date_gmt":"2016-08-16T17:58:57","guid":{"rendered":"http:\/\/www.iscm.com.ar\/web\/?page_id=14"},"modified":"2022-10-04T11:38:48","modified_gmt":"2022-10-04T11:38:48","slug":"autoridades","status":"publish","type":"page","link":"https:\/\/www.iscm.edu.ar\/web\/institucional\/autoridades\/","title":{"rendered":"Autoridades"},"content":{"rendered":"<p><strong><u>Representantes legales<\/u><\/strong><strong>:<\/strong><\/p>\n<p>Lic. Pilar Echecopar<br \/>\nRodrigo M\u00f3naco<\/p>\n<p><strong><u>Directora<\/u><\/strong>: Lic. Isabel Hiernard.<\/p>\n<p><strong>Regente: <\/strong>Lic. Virginia Lassi<\/p>\n<p><strong>Secretaria:<\/strong><br \/>\nProf. Claudia Fern\u00e1ndez<\/p>\n<p>Prof. Gustavo Arroyo (ayudante de secretar\u00eda)<\/p>\n<p><strong>Prosecretario:<\/strong><br \/>\nProf. Soledad Dono<\/p>\n<p><strong>OFICINA CONTABLE<\/strong><br \/>\nSrta. Susana Cerisola<br \/>\nSrta. Mar\u00eda Victoria Guzman<\/p>\n<p><strong>Jefes de Departamento<\/strong><\/p>\n<p><strong>Profesorado de Educaci\u00f3n F\u00edsica<\/strong>: Prof.<\/p>\n<p><strong>Profesorado de Ingl\u00e9s:<\/strong>\u00a0Lic. Yanina Bustos<\/p>\n<p><strong>Tecnicatura en Psicopedagog\u00eda<\/strong>: Lic. Mar\u00eda Rosa Marchetti<\/p>\n<p><strong>Profesorado de Matem\u00e1tica:<\/strong>\u00a0Prof. Ana Blauzwirn<\/p>\n<p><strong>Bibliotecaria:\u00a0<\/strong><\/p>\n<p>Bibl. Antonella Rossotti<\/p>\n<p><strong><u>Preceptores<\/u><\/strong><strong>:<\/strong><\/p>\n<ol>\n<li>PATRICIA ECHANIZ (Preceptor\u00eda de planta baja)<br \/>\na cargo de los Profesorado de Ingl\u00e9s y Tecnicatura en Escena del Crimen<\/li>\n<li>PROF. AGUSTIN FERRAROTTI (Preceptor\u00eda de planta alta)<br \/>\na cargo de 1\u00ba A y 1\u00ba B del Profesorado de Educaci\u00f3n F\u00edsica<\/li>\n<li>PROF. GUSTAVO GENOVECIO (Preceptor\u00eda de planta alta)<br \/>\na cargo de 2do a 4to a\u00f1o del Profesorado de Educaci\u00f3n F\u00edsica<\/li>\n<li>MARCELA MARINELLI (Preceptora de Psicopedagog\u00eda y Matem\u00e1tica)<\/li>\n<\/ol>\n<p><strong><u>Ayudante de Medios<\/u><\/strong>:<\/p>\n<p>Prof. Jos\u00e9 Damele<\/p>\n<div>\n<div class=\"m_5435276535051574470gmail_signature\" dir=\"ltr\" data-smartmail=\"gmail_signature\">\n<div dir=\"ltr\">\n<div>\n<div dir=\"ltr\">\n<div>\n<div dir=\"ltr\">\n<div>\n<div dir=\"ltr\">\n<div dir=\"ltr\"><span style=\"color: #000000;\"><br \/>\n<\/span><\/p>\n<div>\n<div><b><a href=\"http:\/\/www.iscm.com.ar\/\" target=\"_blank\" rel=\"noopener\" data-saferedirecturl=\"https:\/\/www.google.com\/url?q=http:\/\/www.iscm.com.ar\/&amp;source=gmail&amp;ust=1557007633534000&amp;usg=AFQjCNG1pgsrOywnmOJc_Is0jCweI4ZFYA\"><span style=\"color: #000000;\">www.iscm.edu.ar<\/span><\/a><\/b><\/div>\n<div><b><span style=\"color: #000000;\">02324-421211<\/span><\/b><\/div>\n<div><span style=\"color: #000000;\"><b>Calle 15 y 114\u00a0<\/b><b>Mercedes B<\/b><\/span><\/div>\n<div><span style=\"color: #000000;\"><b>\u00a0<\/b><\/span><\/div>\n<div><b><span style=\"color: #a64d79;\"><img loading=\"lazy\" decoding=\"async\" class=\"CToWUd\" src=\"https:\/\/ci3.googleusercontent.com\/proxy\/LiAyuFZJ7GwrB8Prq8g2x54gsMyNv6TtY47uPA0IAcAYDdC8zxzx84yUkjsuGJTsWzgYHA5SJTzYuuTUZIHBCJodJUc1uj0U_0q5HLjHN4BkgOFPtWq4ePgCK2rbm1f-kF_aW3xQQuAMKd-jdu2aq-JHsA6mrEZ-9khom8Q4CrQ1RM87y3SMxl8gMD_cMliINdYuyOuqG3M=s0-d-e1-ft#https:\/\/docs.google.com\/uc?export=download&amp;id=0BwwOGVZWX1q4dDVGWUxLaUh2V2s&amp;revid=0BwwOGVZWX1q4R0RXZTR2NDVOUllIOGkwZFp0UUhRQkVYOFlJPQ\" width=\"95\" height=\"96\" \/><\/span><\/b><\/div>\n<\/div>\n<\/div>\n<\/div>\n<\/div>\n<\/div>\n<\/div>\n<\/div>\n<\/div>\n<\/div>\n<\/div>\n<\/div>\n","protected":false},"excerpt":{"rendered":"<p>Representantes legales: Lic. Pilar Echecopar Rodrigo M\u00f3naco Directora: Lic. Isabel Hiernard. Regente: Lic. Virginia Lassi Secretaria: Prof. Claudia Fern\u00e1ndez Prof. Gustavo Arroyo (ayudante de secretar\u00eda) Prosecretario: Prof. Soledad Dono OFICINA CONTABLE Srta. Susana Cerisola Srta. Mar\u00eda Victoria Guzman Jefes de Departamento Profesorado de Educaci\u00f3n F\u00edsica: Prof. Profesorado de Ingl\u00e9s:\u00a0Lic. Yanina Bustos Tecnicatura en Psicopedagog\u00eda: Lic. <a href=\"https:\/\/www.iscm.edu.ar\/web\/institucional\/autoridades\/\" rel=\"nofollow\"><span class=\"sr-only\">Leer m\u00e1sAutoridades<\/span>[&hellip;]<\/a><\/p>\n","protected":false},"author":1,"featured_media":0,"parent":11,"menu_order":1,"comment_status":"closed","ping_status":"closed","template":"","meta":{"footnotes":""},"class_list":["post-14","page","type-page","status-publish","hentry"],"_links":{"self":[{"href":"https:\/\/www.iscm.edu.ar\/web\/wp-json\/wp\/v2\/pages\/14"}],"collection":[{"href":"https:\/\/www.iscm.edu.ar\/web\/wp-json\/wp\/v2\/pages"}],"about":[{"href":"https:\/\/www.iscm.edu.ar\/web\/wp-json\/wp\/v2\/types\/page"}],"author":[{"embeddable":true,"href":"https:\/\/www.iscm.edu.ar\/web\/wp-json\/wp\/v2\/users\/1"}],"replies":[{"embeddable":true,"href":"https:\/\/www.iscm.edu.ar\/web\/wp-json\/wp\/v2\/comments?post=14"}],"version-history":[{"count":9,"href":"https:\/\/www.iscm.edu.ar\/web\/wp-json\/wp\/v2\/pages\/14\/revisions"}],"predecessor-version":[{"id":612,"href":"https:\/\/www.iscm.edu.ar\/web\/wp-json\/wp\/v2\/pages\/14\/revisions\/612"}],"up":[{"embeddable":true,"href":"https:\/\/www.iscm.edu.ar\/web\/wp-json\/wp\/v2\/pages\/11"}],"wp:attachment":[{"href":"https:\/\/www.iscm.edu.ar\/web\/wp-json\/wp\/v2\/media?parent=14"}],"curies":[{"name":"wp","href":"https:\/\/api.w.org\/{rel}","templated":true}]}}