{"id":1130,"date":"2025-10-09T05:54:03","date_gmt":"2025-10-09T05:54:03","guid":{"rendered":"https:\/\/www.iscm.edu.ar\/web\/?page_id=1130"},"modified":"2025-10-09T15:14:26","modified_gmt":"2025-10-09T15:14:26","slug":"tecnicatura-superior-en-emergencias-de-salud","status":"publish","type":"page","link":"https:\/\/www.iscm.edu.ar\/web\/tecnicatura-superior-en-emergencias-de-salud\/","title":{"rendered":"Tecnicatura Superior en Emergencias de Salud"},"content":{"rendered":"<p><img loading=\"lazy\" decoding=\"async\" class=\"aligncenter size-full wp-image-97\" src=\"https:\/\/www.iscm.edu.ar\/web\/wp-content\/uploads\/2025\/10\/emergencias-salud-scaled.jpg\" alt=\"\" width=\"820\" height=\"301\" \/><\/p>\n<h1><span style=\"color: #ff9900;\">Tecnicatura Superior en Emergencias de Salud<\/span><\/h1>\n<p><strong><u>TITULO: <\/u><\/strong><strong>T\u00e9cnico Superior en Emergencias de Salud<\/strong><\/p>\n<p><strong>RESOLUCI\u00d3N 42\/17 <\/strong><\/p>\n<p>El T\u00e9cnico Superior en Emergencias de Salud es un profesional competente para:<\/p>\n<ul>\n<li>Gestionar el mantenimiento preventivo y los controles t\u00e9cnicos de los recursos destinados a las emergencias.<\/li>\n<li>Operar las comunicaciones de Emergencias y desastres efectivamente.<\/li>\n<li>Organizar y ejecutar log\u00edstica sanitaria.<\/li>\n<li>Ejecutar t\u00e9cnicas de soporte vital b\u00e1sico instrumental o avanzado con indicaci\u00f3n m\u00e9dica y en situaciones de compromiso vital extremo ante la ausencia de este.<\/li>\n<li>Continuar su proceso de educaci\u00f3n permanente<\/li>\n<li>Actuar en eventos complejos con v\u00edctimas m\u00faltiples.<\/li>\n<li>Trabajar en dispositivos de riesgo previsible y gesti\u00f3n de riesgos en salud. Todo esto en los diferentes escenarios de acuerdo a la geograf\u00eda y recursos locales, conociendo las responsabilidades profesionales y sociales de su profesi\u00f3n.<\/li>\n<\/ul>\n<p>&nbsp;<br \/>\n<strong><u>DURACION DE LA CARRERA<\/u><\/strong>: 3 a\u00f1os<\/p>\n<p><a href=\"https:\/\/www.iscm.edu.ar\/web\/wp-content\/uploads\/2025\/10\/TS-en-Emergencias-de-Salud-Res.-42_17.pdf\" rel=\"noopener\" target=\"_blank\"><img decoding=\"async\" src=\"https:\/\/icon-library.com\/images\/pdf-icon-png\/pdf-icon-png-22.jpg\" alt=\"pdf\" style=\"width:20px;height:20px;\"\/> Plan de la carrera<\/a><\/p>\n<p><strong>\u00c1REA OCUPACIONAL<\/strong><br \/>\nSector de la actividad socio-productiva: Salud<br \/>\nEl T\u00e9cnico Superior en Emergencias de Salud, podr\u00e1 insertarse en efectores p\u00fablicos o privados de salud:<\/p>\n<ul>\n<li>Hospitales de baja, mediana y alta complejidad<\/li>\n<li>Centros de salud<\/li>\n<li>Centros de rehabilitaci\u00f3n<\/li>\n<li>Centros de investigaci\u00f3n. <\/li>\n<li>Centros de Emergencias. <\/li>\n<li>M\u00f3viles de emergencia de alta, mediana y baja complejidad.<\/li>\n<li>Unidades de pronta respuesta, soporte vital o coordinaci\u00f3n. Sistemas de comunicaci\u00f3n y despacho en emergencia. M\u00f3viles de traslado.<\/li>\n<li>Efectores privados de salud y de obras sociales. <\/li>\n<li>Instituciones Docentes relacionadas a la salud. <\/li>\n<li>Instituciones relacionadas a la investigaci\u00f3n aplicada en salud. <\/li>\n<li>Organismos de ayuda internacional.<\/li>\n<\/ul>\n<table>\n<tbody>\n<tr>\n<td colspan=\"2\" align=\"center\">\n<h2><strong><em><u>PRIMER A\u00d1O<\/u><\/em><\/strong><\/h2>\n<\/td>\n<\/tr>\n<tr>\n<td>\n        <strong><u>CAMPO DE LA FORMACI\u00d3N GENERAL<\/u><\/strong><br \/>\n        SALUD P\u00daBLICA<br \/>\n        RECURSOS HUMANOS\n      <\/td>\n<td>\n        <strong><u>CAMPO DE LA FORMACI\u00d3N ESPEC\u00cdFICA<\/u><\/strong><br \/>\n        FUNDAMENTOS DE LA PR\u00c1CTICA DE EMERGENTOLOG\u00cdA<br \/>\n        DESASTRES I<br \/>\n        ANATOM\u00cdA, HISTOLOG\u00cdA Y FISIOLOG\u00cdA<br \/>\n        PR\u00c1CTICAS DE EMERGENCIAS I<br \/>\n        TEOLOG\u00cdA I\n      <\/td>\n<\/tr>\n<tr>\n<td colspan=\"2\" align=\"center\">\n<h2><strong><em><u>SEGUNDO A\u00d1O<\/u><\/em><\/strong><\/h2>\n<\/td>\n<\/tr>\n<tr>\n<td>\n        <strong><u>CAMPO DE LA FORMACI\u00d3N GENERAL<\/u><\/strong><br \/>\n        LOG\u00cdSTICA SANITARIA<\/p>\n<p>        <strong><u>CAMPO DE LA FORMACI\u00d3N DE FUNDAMENTO<\/u><\/strong><br \/>\n        COMUNICACI\u00d3N EN EMERGENCIAS<br \/>\n        SALUD MENTAL E INCIDENTES CR\u00cdTICOS\n      <\/td>\n<td>\n        <strong><u>CAMPO DE LA FORMACI\u00d3N ESPEC\u00cdFICA<\/u><\/strong><br \/>\n        PATOLOG\u00cdAS Y TERAP\u00c9UTICA DE EMERGENCIAS<br \/>\n        MICROBIOLOG\u00cdA Y PARASITOLOG\u00cdA<br \/>\n        PR\u00c1CTICAS DE EMERGENCIAS II<br \/>\n        TEOLOG\u00cdA II<\/p>\n<p>        <strong><u>CAMPO DE LA FORMACI\u00d3N DE LA PR\u00c1CTICA PROFESIONALIZANTE<\/u><\/strong><br \/>\n        PR\u00c1CTICA PROFESIONALIZANTE\n      <\/td>\n<\/tr>\n<tr>\n<td colspan=\"2\" align=\"center\">\n<h2><strong><em><u>TERCER A\u00d1O<\/u><\/em><\/strong><\/h2>\n<\/td>\n<\/tr>\n<tr>\n<td>\n        <strong><u>CAMPO DE LA FORMACI\u00d3N GENERAL<\/u><\/strong><br \/>\n        INFORM\u00c1TICA Y NTIC<\/p>\n<p>        <strong><u>CAMPO DE LA FORMACI\u00d3N DE FUNDAMENTO<\/u><\/strong><br \/>\n        ASPECTOS LEGALES DE LA EMERGENCIA<br \/>\n        DESASTRES II\n      <\/td>\n<td>\n        <strong><u>CAMPO DE LA FORMACI\u00d3N ESPEC\u00cdFICA<\/u><\/strong><br \/>\n        GESTI\u00d3N Y ORGANIZACI\u00d3N DE LAS EMERGENCIAS<br \/>\n        PR\u00c1CTICAS DE EMERGENCIAS III<br \/>\n        TEOLOG\u00cdA III<\/p>\n<p>        <strong><u>CAMPO DE LA FORMACI\u00d3N DE LA PR\u00c1CTICA PROFESIONALIZANTE<\/u><\/strong><br \/>\n        PR\u00c1CTICA PROFESIONALIZANTE\n      <\/td>\n<\/tr>\n<\/tbody>\n<\/table>\n<p>&nbsp;<\/p>\n<div><b><a href=\"http:\/\/www.iscm.edu.ar\/\" target=\"_blank\" rel=\"noopener\" data-saferedirecturl=\"https:\/\/www.google.com\/url?hl=es&amp;q=http:\/\/www.iscm.com.ar\/&amp;source=gmail&amp;ust=1472859050977000&amp;usg=AFQjCNHmCFJdgNjCNqkiIKsN6RYOMtZkqA\"><span style=\"color: #000000;\">www.iscm.edu.ar<\/span><\/a><\/b><\/div>\n<div><b><span style=\"color: #000000;\">02324-421211<\/span><\/b><\/div>\n<div><span style=\"color: #000000;\"><b>Calle 15 y 114\u00a0<\/b><b>Mercedes B<\/b><\/span><\/div>\n<div><span style=\"color: #000000;\"><b>\u00a0<\/b><\/span><\/div>\n<div><\/div>\n<p>&nbsp;<\/p>\n","protected":false},"excerpt":{"rendered":"<p>Tecnicatura Superior en Emergencias de Salud TITULO: T\u00e9cnico Superior en Emergencias de Salud RESOLUCI\u00d3N 42\/17 El T\u00e9cnico Superior en Emergencias de Salud es un profesional competente para: Gestionar el mantenimiento preventivo y los controles t\u00e9cnicos de los recursos destinados a las emergencias. Operar las comunicaciones de Emergencias y desastres efectivamente. Organizar y ejecutar log\u00edstica sanitaria. <a href=\"https:\/\/www.iscm.edu.ar\/web\/tecnicatura-superior-en-emergencias-de-salud\/\" rel=\"nofollow\"><span class=\"sr-only\">Leer m\u00e1sTecnicatura Superior en Emergencias de Salud<\/span>[&hellip;]<\/a><\/p>\n","protected":false},"author":1,"featured_media":0,"parent":0,"menu_order":0,"comment_status":"closed","ping_status":"closed","template":"","meta":{"footnotes":""},"class_list":["post-1130","page","type-page","status-publish","hentry"],"_links":{"self":[{"href":"https:\/\/www.iscm.edu.ar\/web\/wp-json\/wp\/v2\/pages\/1130"}],"collection":[{"href":"https:\/\/www.iscm.edu.ar\/web\/wp-json\/wp\/v2\/pages"}],"about":[{"href":"https:\/\/www.iscm.edu.ar\/web\/wp-json\/wp\/v2\/types\/page"}],"author":[{"embeddable":true,"href":"https:\/\/www.iscm.edu.ar\/web\/wp-json\/wp\/v2\/users\/1"}],"replies":[{"embeddable":true,"href":"https:\/\/www.iscm.edu.ar\/web\/wp-json\/wp\/v2\/comments?post=1130"}],"version-history":[{"count":8,"href":"https:\/\/www.iscm.edu.ar\/web\/wp-json\/wp\/v2\/pages\/1130\/revisions"}],"predecessor-version":[{"id":1150,"href":"https:\/\/www.iscm.edu.ar\/web\/wp-json\/wp\/v2\/pages\/1130\/revisions\/1150"}],"wp:attachment":[{"href":"https:\/\/www.iscm.edu.ar\/web\/wp-json\/wp\/v2\/media?parent=1130"}],"curies":[{"name":"wp","href":"https:\/\/api.w.org\/{rel}","templated":true}]}}